or of 13828 and 36?
4
What is the highest common divisor of 8290 and 320?
10
Calculate the greatest common factor of 46964 and 1194.
398
Calculate the highest common divisor of 14 and 20342.
14
Calculate the highest common factor of 12028 and 18236.
388
What is the highest common divisor of 105119 and 329?
7
What is the highest common divisor of 39758 and 1751?
103
Calculate the greatest common divisor of 260 and 175300.
20
Calculate the highest common factor of 11590 and 1330.
190
Calculate the greatest common divisor of 5616 and 900.
36
Calculate the highest common factor of 779774 and 31.
31
What is the highest common factor of 579 and 336?
3
What is the greatest common divisor of 271860 and 805?
115
Calculate the highest common divisor of 513 and 32889.
57
Calculate the greatest common factor of 15 and 42195.
15
Calculate the greatest common factor of 97566 and 4416.
138
What is the highest common divisor of 218556 and 192?
12
Calculate the greatest common factor of 356942 and 634.
634
Calculate the greatest common divisor of 418 and 2750.
22
What is the greatest common factor of 189028 and 471?
157
Calculate the highest common factor of 2075 and 5478.
83
Calculate the greatest common factor of 471430 and 25.
5
Calculate the greatest common divisor of 44 and 3177724.
44
What is the greatest common divisor of 8404 and 517228?
764
Calculate the highest common factor of 1720855 and 5.
5
Calculate the highest common factor of 21 and 347754.
3
Calculate the greatest common factor of 16660 and 21182.
238
What is the greatest common factor of 7 and 4962923?
7
What is the greatest common divisor of 132110 and 30?
10
What is the greatest common factor of 46442 and 66?
22
What is the greatest common factor of 16896 and 18744?
264
Calculate the highest common factor of 126 and 1676472.
42
What is the highest common factor of 152 and 1440?
8
Calculate the highest common divisor of 19716 and 68.
4
Calculate the highest common factor of 9156 and 168.
84
Calculate the highest common divisor of 32572 and 5372.
68
Calculate the greatest common factor of 348481 and 49.
7
Calculate the highest common divisor of 28 and 837676.
28
Calculate the greatest common divisor of 584 and 14120.
8
Calculate the greatest common factor of 8755 and 35615.
85
Calculate the greatest common factor of 2514 and 126538.
838
Calculate the highest common divisor of 400 and 45520.
80
Calculate the greatest common factor of 1912 and 564757.
239
What is the highest common divisor of 386 and 318257?
193
What is the highest common divisor of 336 and 755832?
168
What is the greatest common divisor of 150062 and 5434?
418
What is the highest common divisor of 72 and 2695320?
72
Calculate the highest common divisor of 1422783 and 81.
9
What is the greatest common divisor of 19118 and 8954?
242
Calculate the greatest common factor of 748771 and 95.
19
What is the highest common divisor of 46216 and 56680?
872
What is the greatest common divisor of 945208 and 8?
8
What is the highest common factor of 422 and 12449?
211
What is the greatest common divisor of 396 and 247392?
36
What is the greatest common divisor of 24684 and 14278?
242
What is the greatest common factor of 83520 and 3960?
360
Calculate the highest common factor of 4848476 and 4.
4
Calculate the highest common divisor of 90853 and 63.
7
What is the highest common factor of 702 and 64422?
54
Calculate the greatest common divisor of 1310 and 1703.
131
Calculate the highest common divisor of 20554 and 6450.
86
Calculate the highest common divisor of 21942 and 288.
18
What is the greatest common divisor of 6945 and 75?
15
Calculate the highest common factor of 39 and 413387.
13
Calculate the highest common divisor of 1955 and 28186.
17
What is the highest common factor of 1973412 and 84?
84
Calculate the greatest common divisor of 1041428 and 1420.
284
Calculate the greatest common divisor of 397 and 49228.
397
What is the greatest common factor of 1641297 and 21?
21
Calculate the greatest common factor of 2420 and 14830.
10
Calculate the greatest common factor of 2052 and 352602.
342
Calculate the highest common factor of 37980 and 3600.
180
What is the highest common divisor of 46842 and 888?
222
Calculate the greatest common divisor of 33363 and 27.
9
What is the greatest common divisor of 13056 and 25488?
48
What is the highest common factor of 44 and 909546?
22
Calculate the highest common divisor of 3906 and 1170.
18
What is the greatest common divisor of 54426 and 42?
6
What is the greatest common factor of 17864 and 3016?
232
Calculate the greatest common divisor of 7146 and 1602.
18
What is the highest common divisor of 472 and 1107784?
472
What is the greatest common factor of 65 and 1895?
5
What is the highest common divisor of 1711716 and 201?
201
What is the highest common divisor of 1503 and 34011?
9
What is the greatest common divisor of 23938 and 1?
1
What is the greatest common divisor of 108 and 4401?
27
What is the highest common factor of 53244 and 204?
204
What is the greatest common factor of 165 and 5221040?
55
What is the greatest common divisor of 1177904 and 416?
208
What is the highest common divisor of 48 and 7196232?
24
Calculate the greatest common divisor of 229679 and 1673.
239
What is the greatest common factor of 1434 and 29?
1
Calculate the highest common divisor of 270 and 3350.
10
What is the greatest common factor of 336474 and 4464?
558
What is the highest common divisor of 296219 and 1925?
77
What is the highest common divisor of 7761 and 1989?
39
What is the greatest common factor of 5831 and 6426?
119
Calculate the greatest common factor of 118768 and 416.
208
Calculate the highest common divisor of 7907025 and 42.
21
What is the highest common factor of 4645 and 20?
5
What is the greatest common factor of 3211 and 760?
19
What is the highest common divisor of 14 and 32954?
2
What is the highest common factor of 4504 and 184?
8
What is the greatest common divisor of 73 and 643933?
73
Calculate the greatest common factor of 10 and 248540.
10
Calculate the highest common divisor of 34848 and 10080.
288
What is the greatest common factor of 38 and 4394111?
19
Calculate the greatest common divisor of 9231 and 3366.
51
What is the greatest common factor of 628 and 1948?
4
Calculate the highest common divisor of 31 and 1741270.
31
What is the highest common factor of 2112 and 1107?
3
What is the greatest common factor of 10277 and 23392?
43
What is the greatest common factor of 62 and 28241?
31
What is the highest common factor of 155500 and 10875?
125
Calculate the highest common factor of 82 and 26363.
41
What is the highest common factor of 255 and 101235?
255
Calculate the greatest common divisor of 79653 and 42.
21
Calculate the highest common divisor of 36702 and 288.
18
What is the highest common divisor of 3280101 and 33?
33
What is the greatest common factor of 438 and 15622?
146
What is the greatest common factor of 10 and 959?
1
What is the greatest common factor of 832 and 5876?
52
What is the greatest common divisor of 204 and 1247766?
102
What is the highest common factor of 292 and 7081?
73
What is the greatest common factor of 144 and 13401?
9
Calculate the highest common factor of 624 and 389168.
208
Calculate the highest common factor of 4908 and 4272.
12
What is the greatest common factor of 1442 and 378?
14
What is the greatest common factor of 84 and 113001?
21
Calculate the highest common factor of 18 and 100956.
6
Calculate the greatest common factor of 4904839 and 277.
277
Calculate the greatest common divisor of 247254 and 12992.
406
Calculate the highest common factor of 318800 and 48.
16
What is the greatest common factor of 2158160 and 3710?
530
Calculate the greatest common factor of 1297710 and 60.
30
What is the greatest common divisor of 188 and 65236?
188
What is the highest common divisor of 101387 and 572?
143
What is the greatest common factor of 375 and 5875?
125
What is the greatest common divisor of 8613 and 348?
87
Calculate the highest common divisor of 738089 and 935.
187
What is the greatest common factor of 18847 and 3208?
401
Calculate the greatest common divisor of 62021 and 569.
569
Calculate the greatest common factor of 938 and 406.
14
What 